 are the prime factors of 700552?
2, 67, 1307
What are the prime factors of 14467140?
2, 3, 5, 73, 367
What are the prime factors of 2343605?
5, 11, 42611
What are the prime factors of 1506503?
89, 16927
What are the prime factors of 1477750?
2, 5, 23, 257
List the prime factors of 349836.
2, 3, 29153
List the prime factors of 174028.
2, 139, 313
List the prime factors of 569960.
2, 5, 14249
List the prime factors of 579587.
579587
What are the prime factors of 789614?
2, 7, 56401
What are the prime factors of 47341?
7, 6763
List the prime factors of 117058.
2, 107, 547
What are the prime factors of 823859?
19, 131, 331
List the prime factors of 6797329.
7, 11, 12611
List the prime factors of 1524.
2, 3, 127
List the prime factors of 3740291.
3740291
List the prime factors of 331328.
2, 31, 167
What are the prime factors of 1992842?
2, 17, 58613
What are the prime factors of 151529?
7, 21647
List the prime factors of 181502.
2, 151, 601
What are the prime factors of 198181?
59, 3359
List the prime factors of 8169447.
3, 11, 13, 137, 139
List the prime factors of 22225490.
2, 5, 7, 383, 829
What are the prime factors of 14149668?
2, 3, 13, 90703
What are the prime factors of 1499292?
2, 3, 41647
What are the prime factors of 19666264?
2, 2458283
List the prime factors of 706759.
29, 24371
List the prime factors of 581627.
67, 8681
List the prime factors of 6508401.
3, 2169467
List the prime factors of 8034576.
2, 3, 11, 15217
List the prime factors of 125012.
2, 31253
What are the prime factors of 401722?
2, 200861
What are the prime factors of 133000?
2, 5, 7, 19
List the prime factors of 1439543.
7, 17, 12097
List the prime factors of 17349404.
2, 4337351
List the prime factors of 640994.
2, 41, 7817
What are the prime factors of 1018351?
17, 37, 1619
List the prime factors of 439406.
2, 11, 19973
List the prime factors of 19812.
2, 3, 13, 127
What are the prime factors of 38794066?
2, 139, 139547
List the prime factors of 22610195.
5, 79, 57241
What are the prime factors of 33886?
2, 16943
What are the prime factors of 883060?
2, 5, 67, 659
What are the prime factors of 8251396?
2, 19, 108571
What are the prime factors of 762164?
2, 13, 14657
List the prime factors of 20252.
2, 61, 83
What are the prime factors of 134451?
3, 14939
What are the prime factors of 9974152?
2, 41, 47, 647
List the prime factors of 174419.
7, 24917
List the prime factors of 9503274.
2, 3, 11, 109, 1321
List the prime factors of 2483203.
359, 6917
What are the prime factors of 29353026?
2, 3, 1319, 3709
List the prime factors of 587800.
2, 5, 2939
What are the prime factors of 621?
3, 23
What are the prime factors of 3762770?
2, 5, 11, 79, 433
List the prime factors of 664882.
2, 332441
List the prime factors of 568058.
2, 431, 659
What are the prime factors of 273884?
2, 13, 23, 229
What are the prime factors of 2110044?
2, 3, 175837
List the prime factors of 372934.
2, 263, 709
What are the prime factors of 13735757?
7, 137, 14323
What are the prime factors of 108644?
2, 157, 173
What are the prime factors of 1868948?
2, 467237
List the prime factors of 322608.
2, 3, 11, 13, 47
List the prime factors of 1136720.
2, 5, 13, 1093
List the prime factors of 3950416.
2, 37, 6673
What are the prime factors of 223951?
7, 13, 23, 107
List the prime factors of 5264295.
3, 5, 71, 4943
What are the prime factors of 6628102?
2, 13, 254927
What are the prime factors of 33329537?
17, 73, 107, 251
What are the prime factors of 4792861?
17, 281933
List the prime factors of 2833690.
2, 5, 283369
List the prime factors of 264224.
2, 23, 359
List the prime factors of 385622.
2, 192811
What are the prime factors of 390528?
2, 3, 113
What are the prime factors of 22119272?
2, 7, 394987
List the prime factors of 496566.
2, 3, 7, 563
List the prime factors of 2084343.
3, 694781
List the prime factors of 224984.
2, 28123
What are the prime factors of 11861?
29, 409
List the prime factors of 3392568.
2, 3, 47119
List the prime factors of 10084055.
5, 373, 5407
List the prime factors of 655795.
5, 7, 41, 457
What are the prime factors of 316478?
2, 229, 691
List the prime factors of 288863.
151, 1913
List the prime factors of 10009870.
2, 5, 13, 5923
What are the prime factors of 179899?
179899
What are the prime factors of 2485007?
7, 151, 2351
What are the prime factors of 7628075?
5, 7, 13, 479
List the prime factors of 22856082.
2, 3, 631, 6037
What are the prime factors of 947094?
2, 3, 23, 6863
What are the prime factors of 118219?
118219
List the prime factors of 3570282.
2, 3, 198349
List the prime factors of 2051449.
19, 107971
What are the prime factors of 146908?
2, 19, 1933
List the prime factors of 981598.
2, 193, 2543
What are the prime factors of 20108961?
3, 2234329
List the prime factors of 343405.
5, 173, 397
What are the prime factors of 7731962?
2, 7, 552283
What are the prime factors of 6159274?
2, 11, 279967
List the prime factors of 12464695.
5, 109, 22871
List the prime factors of 1555633.
1555633
What are the prime factors of 211208?
2, 17, 1553
What are the prime factors of 1667029?
7, 13, 2617
What are the prime factors of 236793?
3, 17, 4643
What are the prime factors of 710755?
5, 142151
What are the prime factors of 4020170?
2, 5, 7, 11, 23, 227
What are the prime factors of 244159?
244159
List the prime factors of 3369868.
2, 23, 36629
What are the prime factors of 10326872?
2, 73, 17683
List the prime factors of 510408.
2, 3, 17, 139
List the prime factors of 3587302.
2, 733, 2447
What are the prime factors of 8198932?
2, 7, 292819
List the prime factors of 14457954.
2, 3, 7, 344237
What are the prime factors of 28660650?
2, 3, 5, 191071
List the prime factors of 641371.
641371
What are the prime factors of 1536299?
271, 5669
What are the prime factors of 112159?
59, 1901
List the prime factors of 480877.
197, 2441
List the prime factors of 14368578.
2, 3, 7, 313, 1093
What are the prime factors of 529425?
3, 5, 13, 181
List the prime factors of 1566828.
2, 3, 71, 613
List the prime factors of 582671.
103, 5657
List the prime factors of 7088051.
241, 29411
List the prime factors of 893995.
5, 178799
List the prime factors of 5381631.
3, 31, 19289
What are the prime factors of 329833?
7, 47119
What are the prime factors of 20983382?
2, 7, 1498813
What are the prime factors of 4617841?
67, 157, 439
What are the prime factors of 5588381?
79, 127, 557
List the prime factors of 4732813.
67, 70639
List the prime factors of 2280119.
61, 37379
List the prime factors of 23695062.
2, 3, 3949177
What are the prime factors of 36284?
2, 47, 193
List the prime factors of 21614009.
1019, 21211
What are the prime factors of 7099?
31, 229
List the prime factors of 200609.
200609
What are the prime factors of 508700?
2, 5, 5087
What are the prime factors of 6526536?
2, 3, 271939
List the prime factors of 1174719.
3, 7, 13, 331
List the prime factors of 12634465.
5, 2526893
What are the prime factors of 233401?
7, 33343
List the prime factors of 16571761.
16571761
List the prime factors of 7679116.
2, 19, 79, 1279
What are the prime factors of 7824575?
5, 11, 37, 769
List the prime factors of 223907.
17, 13171
List the prime factors of 311465.
5, 7, 11, 809
List the prime factors of 112556.
2, 19, 1481
List the prime factors of 2452500.
2, 3, 5, 109
List the prime factors of 2962320.
2, 3, 5, 12343
List the prime factors of 16704266.
2, 8352133
What are the prime factors of 9685878?
2, 3, 131, 12323
What are the prime factors of 836739?
3, 239, 389
List the prime factors of 2756870.
2, 5, 37, 7451
List the prime factors of 3168349.
3168349
What are the prime factors of 8335748?
2, 2083937
What are the prime factors of 11363400?
2, 3, 5, 59, 107
What are the prime factors of 855413?
13, 29, 2269
List the prime factors of 130094.
2, 29, 2243
List the prime factors of 4418722.
2, 7, 11, 4099
List the prime factors of 1602730.
2, 5, 83, 1931
What are the prime factors of 91510?
2, 5, 9151
What are the prime factors of 84373?
139, 607
What are the prime factors of 1365626?
2, 661, 1033
What are the prime factors of 28807?
28807
List the prime factors of 21886.
2, 31, 353
List the prime factors of 678163.
47, 307
What are the prime factors of 1610737?
43, 47, 797
List the prime